99 = -3*p. Calculate the remainder when p is divided by i.
14
Let j(x) = -3*x - 6 - 2*x + x. Suppose 44*m + 194 - 62 = 0. What is the remainder when 17 is divided by j(m)?
5
Suppose 353*h = 354*h - 738. Let p = h - 721. Calculate the remainder when p is divided by 11.
6
What is the remainder when 173 is divided by 1508/60 + 385/(-75) + 5?
23
Suppose -6*v + 14 = -v - 9*q, 3*v - 18 = 3*q. What is the remainder when 1878 is divided by v?
8
Let x(z) = z**3 - 3*z**2 + 12*z + 20. What is the remainder when 88 is divided by x(3)?
32
Let y = 70 - 68. Suppose 5*m + 4*d = 44, 0 = -4*m + y*d + 56. Let i = 129 + -47. Calculate the remainder when i is divided by m.
10
Suppose c - 111 = -2*c. Let i = 614 + -609. What is the remainder when c is divided by i?
2
Let u(d) = 13*d**2 + 6*d + 2. Let a be u(-1). Suppose -16*i = -a*i - 203. Calculate the remainder when 57 is divided by i.
28
Suppose -9*d = -12*d + 15. Suppose -5*i = 3*a - 31 - 92, -d*a = -i + 47. Suppose 0 = 5*s - i - 193. What is the remainder when s is divided by 12?
8
Let d(r) = 2305*r - 9945. Calculate the remainder when d(5) is divided by 195.
20
Suppose -16*b + 5422 - 798 = 0. What is the remainder when b is divided by 59?
53
Suppose -18 - 54 = -2*x - 2*l, -4*l - 4 = 0. Let m = x + -82. What is the remainder when 22 is divided by (m/(-10) - 4)*10?
2
Suppose 0*c = c - 6. Suppose -v + 5 = m, 3*v + v - 5*m = 11. Suppose 3 = -f, v*o - 3*f - f - 104 = 0. Calculate the remainder when o is divided by c.
5
Suppose -293 - 696 + 293 = -24*g. Suppose 3*i = -12, 4*i + 24 = r - 0*i. What is the remainder when g is divided by r?
5
Suppose 2*b - 8 = 2. Let w = -3533 + 3535. Suppose t - 3*v - 91 = 0, 0 = -3*t - w*t - b*v + 395. Calculate the remainder when t is divided by 17.
14
What is the remainder when 514 is divided by ((-2420)/(-140) - (4 - -15))*(-1 + -125)?
82
Calculate the remainder when 147 is divided by (-1)/(-6) + (-48825)/(-3510) + 2/(-26).
7
Let b(y) = -107*y + 60. Suppose 1 = g - 2*q, -11 = -3*g + q - 13. What is the remainder when b(g) is divided by 4?
3
Let o(y) = -2*y**2 - 4*y - 4. Let x be o(-2). Calculate the remainder when -3 - 3/(3/(-16)) is divided by (9 + -11)/(x/10).
3
Let j be (-1)/(-4) + 284/16. Suppose 0 = -2*c - 10, 5*c = -2*f + 13 + 26. Let n = f - j. What is the remainder when 111 is divided by n?
13
Calculate the remainder when 1754/6 + 4*(-4)/(-24) is divided by 128.
37
Suppose 4*h - 27 = 145. Calculate the remainder when h is divided by (-170)/20*(0 + -2).
9
Let q(b) be the third derivative of b**6/5 - b**4/12 + b**3/6 + b**2. Suppose -651*s + 8696 - 233 = 0. What is the remainder when q(1) is divided by s?
10
Let v = 26618 + -26602. Calculate the remainder when 518 is divided by v.
6
Calculate the remainder when 10735 is divided by ((-15 - -14)/(2/122))/((-17)/34).
121
Suppose -5*c = 4*w - w - 205, -4*w + 2*c + 282 = 0. Let b = -12 - -14. Calculate the remainder when w is divided by b*3*(-5 - -11).
34
Let o = 18585 + -18534. Calculate the remainder when 2619 is divided by o.
18
Let h = 42 - 40. Suppose 9*v = h*v + 399. Calculate the remainder when 110 is divided by v.
53
Suppose -7000 - 5388 = -76*p. Let i = -129 + p. What is the remainder when (-1)/(2/(-196)) - -1 is divided by i?
31
Let n be 6 - -4*91/(-28). Calculate the remainder when 136 is divided by n/14 + (-41)/(-2).
16
Suppose 1998*p - 10574 = 1981*p. What is the remainder when p is divided by 106?
92
Suppose 3*m - 4*c - 463 = 0, -417 = -4*m - 4*c + 219. Calculate the remainder when 1724 is divided by m.
154
Suppose 11*b = 17182 + 10835. Calculate the remainder when b is divided by 29.
24
Let g = 8672 - 8667. What is the remainder when 164 is divided by g?
4
Suppose 26 = 5*a - 4*a - 5*x, 0 = 5*a + 5*x - 190. Let c(t) be the first derivative of -7*t**2/2 - 1. What is the remainder when a is divided by c(-3)?
15
Let z = 2075 - 2054. Calculate the remainder when 38 is divided by z.
17
Let y = -7545 + 7551. What is the remainder when 839 is divided by y?
5
Suppose 0 = -50*k + 46*k + 3*p + 1983, 3*k = 3*p + 1491. Calculate the remainder when k is divided by 156.
24
Let q(s) = -16*s - 19. Let y(o) be the third derivative of o**5/60 + 11*o**4/24 + 7*o**3/3 - 2*o**2. What is the remainder when q(-6) is divided by y(-13)?
37
Suppose 0 = -g + 2*g + v - 62, 0 = -g + 5*v + 62. Let z = -51 + g. What is the remainder when 19 is divided by (z/2 - (-33)/22) + -1?
1
Let d = 719 + -485. What is the remainder when d is divided by 76?
6
Suppose -95 - 265 = 24*w. Calculate the remainder when (-5)/w*15 - -4 is divided by 3.
0
What is the remainder when 321 is divided by 126/24*444/14 - (-140)/56?
152
Suppose -10206 = -74*l + 20*l. Calculate the remainder when 577 is divided by l.
10
Let m = -2810 - -3314. Calculate the remainder when m is divided by 54.
18
Suppose 34*p = -17*p + 204. What is the remainder when 271 is divided by ((-714)/(-6))/7 - p?
11
Suppose -716*l + 137*l = -337557. What is the remainder when 1177 is divided by l?
11
Suppose 4*z = z - 4*r - 39, 3*r - 9 = 0. Let l = z - -22. What is the remainder when 12 is divided by l?
2
Let y(o) = -o**3 + 12*o**2 + 10*o - 20. Let v be 10*4/(6 + -2). Let r be y(v). Suppose 4*g + 3*g - r = 0. What is the remainder when g is divided by 7?
5
Suppose k + 1 = -o, 0 = -11*k + 13*k - 5*o - 5. Suppose -5*m - 25 = 0, k = -4*z + 6*z + 2*m - 146. Calculate the remainder when z is divided by 28.
22
Calculate the remainder when 40 is divided by (-4)/(7 + 65/45*-5).
4
Suppose -7*s = s - 24. Suppose -s*y - 24 = -0. What is the remainder when (68/y + -2)*(-4)/3 is divided by 9?
5
Suppose -2*q + 4 = 0, 288 = 4*z - 3*z + q. Suppose -48 - z = -2*s. Let x(w) = -33*w**2 + 367*w - 2. Calculate the remainder when s is divided by x(11).
41
Let v(t) = -6*t**2 + 129*t - 56. Calculate the remainder when ((-102)/(-9))/(1/3) is divided by v(21).
6
Suppose -5*a - 2*y = -12311 - 7820, -3*a - y + 12078 = 0. Calculate the remainder when a is divided by 38.
35
Suppose 18*d - 15*d = 18. Calculate the remainder when 1324 is divided by d.
4
Calculate the remainder when 391 is divided by (-30)/(((-20)/(-24))/(30/(-24))).
31
Let s = -4702 - -4852. What is the remainder when s is divided by 11?
7
Suppose 0 = 4*s + 4, 3*i + 2*s = -0*i + 40. Suppose -i*h + 91 = -h. Calculate the remainder when 37 is divided by h.
2
Let u = -411 + 435. Calculate the remainder when 184 is divided by u.
16
Let r(k) = k**3 + 14*k**2 + 16*k + 12. Suppose 0 = 3*j - j + 26. Let b be r(j). Let l = 30 + b. What is the remainder when 9 is divided by l?
0
Let k(m) = -24*m + 99. Let v be k(4). Calculate the remainder when 23 is divided by 4/(-1) - ((-72)/v - -6).
9
Let w(c) = c + 64. Let m be w(40). Suppose -9*a = -a - m. Suppose b - 9 = 2*g, -b - 4*g = 3*b - 12. Calculate the remainder when a is divided by b.
3
Let f = -292 + 438. Let g = f + -115. What is the remainder when g is divided by 11?
9
Let u(q) = -319*q - 488. What is the remainder when u(-8) is divided by 47?
43
Suppose -18*u + 6744 = -6*u. Calculate the remainder when u is divided by 13.
3
Suppose -o - 47 - 43 = -2*g, 0 = -4*g - 3*o + 180. Calculate the remainder when 1304 is divided by g.
44
Suppose 0 = -68*h + 13548 - 4436. Calculate the remainder when 667 is divided by h.
131
Let d = 1161 - 1064. What is the remainder when 211 is divided by d?
17
Calculate the remainder when (72/(-198))/((-2)/2959) is divided by 60.
58
Let y(f) = -f**3 + 5*f + 48. Let s be y(0). Suppose 124 = 2*w + s. What is the remainder when 98 is divided by w?
22
Suppose 4*s - 4*j - 15728 = 832, 3*s - 4*j = 12418. Calculate the remainder when s is divided by 29.
24
Suppose 1513 = 6*p + 145. What is the remainder when p is divided by 868/93*66/8?
74
Suppose 5*a - 8*a = -12, 5*r + 5*a - 2600 = 0. Suppose 37*h = 890 + r. Calculate the remainder when h is divided by 11.
5
Let z(n) = 54*n - 100*n + 4*n**2 + 44 + 64*n - n**3. Calculate the remainder when 181 is divided by z(7).
20
Suppose 34*s + 22 = 35*s. Let q = 65 - 47. What is the remainder when s is divided by q?
4
Suppose 29 - 4 = 5*d, 0 = 4*o - 4*d + 4. What is the remainder when 299 is divided by (-4100)/(-75)*3/2 - o?
65
Suppose -91 = -4*i + 3*m, 10 + 0 = i - 5*m. Suppose 0 = -2*t - 193 + 215. What is the remainder when i is divided by t?
3
Let v(r) = r**2 + 6